{"id":705,"date":"2022-12-17T11:05:31","date_gmt":"2022-12-17T10:05:31","guid":{"rendered":"http:\/\/magnac-christophe.net\/?page_id=705"},"modified":"2025-12-27T15:12:34","modified_gmt":"2025-12-27T14:12:34","slug":"a-propos","status":"publish","type":"page","link":"https:\/\/magnac-christophe.net\/index.php\/a-propos\/","title":{"rendered":"A propos"},"content":{"rendered":"\t\t<div data-elementor-type=\"wp-page\" data-elementor-id=\"705\" class=\"elementor elementor-705\">\n\t\t\t\t\t\t<section class=\"elementor-section elementor-top-section elementor-element elementor-element-ab6a651 elementor-section-boxed elementor-section-height-default elementor-section-height-default\" data-id=\"ab6a651\" data-element_type=\"section\" data-e-type=\"section\">\n\t\t\t\t\t\t<div class=\"elementor-container elementor-column-gap-default\">\n\t\t\t\t\t<div class=\"elementor-column elementor-col-50 elementor-top-column elementor-element elementor-element-dbd1699\" data-id=\"dbd1699\" data-element_type=\"column\" data-e-type=\"column\">\n\t\t\t<div class=\"elementor-widget-wrap elementor-element-populated\">\n\t\t\t\t\t\t<div class=\"elementor-element elementor-element-f51238b animated-slow elementor-position-top elementor-invisible elementor-widget elementor-widget-image-box\" data-id=\"f51238b\" data-element_type=\"widget\" data-e-type=\"widget\" data-settings=\"{&quot;_animation&quot;:&quot;slideInUp&quot;}\" data-widget_type=\"image-box.default\">\n\t\t\t\t<div class=\"elementor-widget-container\">\n\t\t\t\t\t<div class=\"elementor-image-box-wrapper\"><figure class=\"elementor-image-box-img\"><img fetchpriority=\"high\" decoding=\"async\" width=\"618\" height=\"588\" src=\"https:\/\/magnac-christophe.net\/wp-content\/uploads\/2022\/12\/photo-pour-site.jpg\" class=\"attachment-full size-full wp-image-281\" alt=\"Psychologue addictologue Th\u00e9rapie addiction Traitement des addictions Consultation addictologie Psychoth\u00e9rapie addiction Aide addiction alcool Aide addiction drogues Conseils pour sevrage Support psychologique addiction Th\u00e9rapeute sp\u00e9cialis\u00e9 en addiction Centre de traitement des addictions Psychologue sp\u00e9cialis\u00e9 en d\u00e9pendances Addictologie clinique Gu\u00e9rison des addictions Th\u00e9rapie de groupe addiction Psychologue pour d\u00e9pendance Soutien pour sevrage R\u00e9habilitation addiction Traitement de la d\u00e9pendance comportementale Conseil en addiction\" srcset=\"https:\/\/magnac-christophe.net\/wp-content\/uploads\/2022\/12\/photo-pour-site.jpg 618w, https:\/\/magnac-christophe.net\/wp-content\/uploads\/2022\/12\/photo-pour-site-300x285.jpg 300w, https:\/\/magnac-christophe.net\/wp-content\/uploads\/2022\/12\/photo-pour-site-600x571.jpg 600w\" sizes=\"(max-width: 618px) 100vw, 618px\" \/><\/figure><\/div>\t\t\t\t<\/div>\n\t\t\t\t<\/div>\n\t\t\t\t<div class=\"elementor-element elementor-element-41fc3ba elementor-invisible elementor-widget elementor-widget-heading\" data-id=\"41fc3ba\" data-element_type=\"widget\" data-e-type=\"widget\" data-settings=\"{&quot;_animation&quot;:&quot;fadeInRight&quot;}\" data-widget_type=\"heading.default\">\n\t\t\t\t<div class=\"elementor-widget-container\">\n\t\t\t\t\t<h5 class=\"elementor-heading-title elementor-size-default\"><a href=\"https:\/\/chatgpt.com\/g\/g-68b696f774508191935ffff6347f32c2-dys-cours-dyslexie-tdah-tsa\">Cr\u00e9ateur de l'IA dys cours (DYS, TDAH, TSA)        <\/a><\/h5>\t\t\t\t<\/div>\n\t\t\t\t<\/div>\n\t\t\t\t<div class=\"elementor-element elementor-element-3b7902b elementor-invisible elementor-widget elementor-widget-heading\" data-id=\"3b7902b\" data-element_type=\"widget\" data-e-type=\"widget\" data-settings=\"{&quot;_animation&quot;:&quot;fadeInLeft&quot;}\" data-widget_type=\"heading.default\">\n\t\t\t\t<div class=\"elementor-widget-container\">\n\t\t\t\t\t<h6 class=\"elementor-heading-title elementor-size-default\"><a href=\"https:\/\/chatgpt.com\/g\/g-68b696f774508191935ffff6347f32c2-dys-cours-dyslexie-tdah-tsa\">IA inclusive qui facilite l'apprentissage<\/a><\/h6>\t\t\t\t<\/div>\n\t\t\t\t<\/div>\n\t\t\t\t<div class=\"elementor-element elementor-element-7c27226 animated-slow elementor-invisible elementor-widget elementor-widget-heading\" data-id=\"7c27226\" data-element_type=\"widget\" data-e-type=\"widget\" data-settings=\"{&quot;_animation&quot;:&quot;fadeInLeft&quot;}\" data-widget_type=\"heading.default\">\n\t\t\t\t<div class=\"elementor-widget-container\">\n\t\t\t\t\t<h5 class=\"elementor-heading-title elementor-size-default\">Auteur des livres<\/h5>\t\t\t\t<\/div>\n\t\t\t\t<\/div>\n\t\t\t\t<div class=\"elementor-element elementor-element-468c090 animated-slow elementor-invisible elementor-widget elementor-widget-text-editor\" data-id=\"468c090\" data-element_type=\"widget\" data-e-type=\"widget\" data-settings=\"{&quot;_animation&quot;:&quot;fadeInLeft&quot;}\" data-widget_type=\"text-editor.default\">\n\t\t\t\t<div class=\"elementor-widget-container\">\n\t\t\t\t\t\t\t\t\t<ol>\n<li style=\"text-align: left;\"><a href=\"https:\/\/www.coollibri.com\/bibliotheque-en-ligne\/christophe-magnac\/savoir-communiquer_79983\">2020\u00a0 \u00a0Savoir communiquer <\/a><\/li>\n<li><a href=\"https:\/\/www.coollibri.com\/bibliotheque-en-ligne\/christophe-magnac\/le-stress-la-fin-dun-regne_404472\">2022\u00a0 \u00a0Le stress la fin d&rsquo;un r\u00e8gne<\/a><\/li>\n<li><a href=\"https:\/\/www.coollibri.com\/bibliotheque-en-ligne\/christophe-magnac\/troubles-de-lapprentissage_1042299\">2025\u00a0 \u00a0Les troubles de l&rsquo;apprentissage (DYS, TDAH, TSA)<\/a><\/li>\n<li><a href=\"https:\/\/www.coollibri.com\/bibliotheque-en-ligne\/christophe-magnac\/troubles-de-lapprentissage-lecture-adaptee-dyslexique-et-tdah_1055529\">2025\u00a0 \u00a0Les troubles de l&rsquo;apprentissage (Lecture adapt\u00e9e aux personnes\u00a0 \u00a0 \u00a0 \u00a0 \u00a0 \u00a0 dysl\u00e9xiques ou TDAH)<\/a><\/li>\n<li><a href=\"https:\/\/www.coollibri.com\/bibliotheque-en-ligne\/christophe-magnac\/les-pensees-limitantes_1402454\">2026\u00a0 \u00a0Les pens\u00e9es Limitantes<\/a><\/li>\n<\/ol>\t\t\t\t\t\t\t\t<\/div>\n\t\t\t\t<\/div>\n\t\t\t\t\t<\/div>\n\t\t<\/div>\n\t\t\t\t<div class=\"elementor-column elementor-col-50 elementor-top-column elementor-element elementor-element-6e57369\" data-id=\"6e57369\" data-element_type=\"column\" data-e-type=\"column\">\n\t\t\t<div class=\"elementor-widget-wrap elementor-element-populated\">\n\t\t\t\t\t\t<div class=\"elementor-element elementor-element-d5a7709 animated-slow elementor-invisible elementor-widget elementor-widget-text-editor\" data-id=\"d5a7709\" data-element_type=\"widget\" data-e-type=\"widget\" data-settings=\"{&quot;_animation&quot;:&quot;slideInDown&quot;}\" data-widget_type=\"text-editor.default\">\n\t\t\t\t<div class=\"elementor-widget-container\">\n\t\t\t\t\t\t\t\t\t<p>Psychanalyste Addictologue et sexologue, sp\u00e9cialis\u00e9 en psychoth\u00e9rapie directe et indirecte, th\u00e9rapie cognitivo-comportementale, En tant que psychop\u00e9dagogue et ing\u00e9nieur p\u00e9dagogique j&rsquo;accompagne les enfants et les adultes ayants des troubles DYS et autres difficult\u00e9s d&rsquo;apprentissage.(TDAH, TSA, (HPI), etc&#8230;)<\/p>\n<p><span style=\"text-decoration: underline;\">Formations universitaires :<\/span><\/p>\n<ul>\n<li>Psychologie<\/li>\n<li>D\u00e9veloppement psychologique de l&rsquo;enfant et de l&rsquo;adolescent<\/li>\n<li>Psychop\u00e9dagogie (Psychologie pour l&rsquo;enseignement)<\/li>\n<li>Risques suicidaires\u00a0<\/li>\n<li>Traitement clinique et prise en charge des addictions\u00a0<\/li>\n<li>TSA (trouble du spectre autistique)<\/li>\n<li>TDAH (Trouble d\u00e9ficit de l&rsquo;attention avec ou sans\u00a0<span tabindex=\"0\" role=\"tooltip\"><span class=\"c5aZPb\" tabindex=\"0\" role=\"button\" data-enable-toggle-animation=\"true\" data-extra-container-classes=\"ZLo7Eb\" data-hover-hide-delay=\"1000\" data-hover-open-delay=\"500\" data-send-open-event=\"true\" data-theme=\"0\" data-width=\"250\" data-ved=\"2ahUKEwidgdGG6qWDAxXbTqQEHeWKC-IQmpgGegQIFBAD\"><span class=\"JPfdse\" data-bubble-link=\"\" data-segment-text=\"hyperactivit\u00e9\">hyperactivit\u00e9<\/span><\/span><\/span>)<\/li>\n<\/ul>\n<div>\n<p><span style=\"text-decoration: underline;\">Autres formations :<\/span><\/p>\n<ul>\n<li>Accompagnement troubles DYS, TSA, (HPI), TDAH<\/li>\n<li>Ing\u00e9nieur p\u00e9dagogique<\/li>\n<li>Ing\u00e9nieur de formation<\/li>\n<li>Risques psychosociaux<\/li>\n<li>Gestion de la fin de vie\u00a0<\/li>\n<li>DMS (<span style=\"color: #ff0000;\"><strong>D<\/strong><\/span>\u00e9sensibilisation <span style=\"color: #ff0000;\"><strong>M<\/strong><\/span>ulti<span style=\"color: #ff0000;\"><strong>S<\/strong><\/span>ensorielle) \u00e9quivalent EMDR en cas de traumatisme<\/li>\n<li>Sexologie<\/li>\n<\/ul>\n<\/div>\n<div>Je travaille en coordination si n\u00e9cessaire avec d&rsquo;autres professionnels\u00a0\u00a0<\/div>\n<ol>\n<li>M\u00e9decin g\u00e9n\u00e9raliste ou sp\u00e9cialiste<\/li>\n<li>Soignants param\u00e9dicaux (infirmier, podologue, &#8230;)<\/li>\n<li>Th\u00e9rapeutes ayant valid\u00e9 des formations compl\u00e9mentaires aux miennes\u00a0<\/li>\n<\/ol>\t\t\t\t\t\t\t\t<\/div>\n\t\t\t\t<\/div>\n\t\t\t\t\t<\/div>\n\t\t<\/div>\n\t\t\t\t\t<\/div>\n\t\t<\/section>\n\t\t\t\t<section class=\"elementor-section elementor-top-section elementor-element elementor-element-01f6b1f elementor-section-boxed elementor-section-height-default elementor-section-height-default\" data-id=\"01f6b1f\" data-element_type=\"section\" data-e-type=\"section\">\n\t\t\t\t\t\t<div class=\"elementor-container elementor-column-gap-default\">\n\t\t\t\t\t<div class=\"elementor-column elementor-col-100 elementor-top-column elementor-element elementor-element-8f19136\" data-id=\"8f19136\" data-element_type=\"column\" data-e-type=\"column\">\n\t\t\t<div class=\"elementor-widget-wrap elementor-element-populated\">\n\t\t\t\t\t\t<div class=\"elementor-element elementor-element-655bc60 elementor-widget elementor-widget-spacer\" data-id=\"655bc60\" data-element_type=\"widget\" data-e-type=\"widget\" data-widget_type=\"spacer.default\">\n\t\t\t\t<div class=\"elementor-widget-container\">\n\t\t\t\t\t\t\t<div class=\"elementor-spacer\">\n\t\t\t<div class=\"elementor-spacer-inner\"><\/div>\n\t\t<\/div>\n\t\t\t\t\t\t<\/div>\n\t\t\t\t<\/div>\n\t\t\t\t\t<\/div>\n\t\t<\/div>\n\t\t\t\t\t<\/div>\n\t\t<\/section>\n\t\t\t\t<section class=\"elementor-section elementor-top-section elementor-element elementor-element-4afbd34 elementor-section-boxed elementor-section-height-default elementor-section-height-default\" data-id=\"4afbd34\" data-element_type=\"section\" data-e-type=\"section\">\n\t\t\t\t\t\t<div class=\"elementor-container elementor-column-gap-default\">\n\t\t\t\t\t<div class=\"elementor-column elementor-col-50 elementor-top-column elementor-element elementor-element-51eb715\" data-id=\"51eb715\" data-element_type=\"column\" data-e-type=\"column\">\n\t\t\t<div class=\"elementor-widget-wrap elementor-element-populated\">\n\t\t\t\t\t\t<div class=\"elementor-element elementor-element-d9a8852 elementor-widget elementor-widget-google_maps\" data-id=\"d9a8852\" data-element_type=\"widget\" data-e-type=\"widget\" data-widget_type=\"google_maps.default\">\n\t\t\t\t<div class=\"elementor-widget-container\">\n\t\t\t\t\t\t\t<div class=\"elementor-custom-embed\">\n\t\t\t<iframe loading=\"lazy\"\n\t\t\t\t\tsrc=\"https:\/\/maps.google.com\/maps?q=%201015%20chemin%20de%20la%20fontaine%20d%27aubec%2024200%20sainte%20nathal%C3%A8ne&#038;t=m&#038;z=15&#038;output=embed&#038;iwloc=near\"\n\t\t\t\t\ttitle=\" 1015 chemin de la fontaine d&#039;aubec 24200 sainte nathal\u00e8ne\"\n\t\t\t\t\taria-label=\" 1015 chemin de la fontaine d&#039;aubec 24200 sainte nathal\u00e8ne\"\n\t\t\t><\/iframe>\n\t\t<\/div>\n\t\t\t\t\t\t<\/div>\n\t\t\t\t<\/div>\n\t\t\t\t\t<\/div>\n\t\t<\/div>\n\t\t\t\t<div class=\"elementor-column elementor-col-50 elementor-top-column elementor-element elementor-element-e0667b2\" data-id=\"e0667b2\" data-element_type=\"column\" data-e-type=\"column\">\n\t\t\t<div class=\"elementor-widget-wrap elementor-element-populated\">\n\t\t\t\t\t\t<div class=\"elementor-element elementor-element-55acaff animated-slow elementor-invisible elementor-widget elementor-widget-text-editor\" data-id=\"55acaff\" data-element_type=\"widget\" data-e-type=\"widget\" data-settings=\"{&quot;_animation&quot;:&quot;fadeInRight&quot;}\" data-widget_type=\"text-editor.default\">\n\t\t\t\t<div class=\"elementor-widget-container\">\n\t\t\t\t\t\t\t\t\t<p><\/p>\n<p>Adresse: 1015 chemin de la font d&rsquo;aubec 24200 sainte Nathal\u00e8ne (5 minutes de Sarlat la can\u00e9da)<\/p>\n<p><\/p>\n<p>Pour plus de facilit\u00e9 \u00e0 trouver le cabinet, je vous invite \u00e0 utiliser l&rsquo;application<strong> Google map:<\/strong> (<span class=\"has-inline-color\">inscrivez <em>Magnac Christophe sainte Nathal\u00e8ne<\/em><\/span>), le syst\u00e8me vous conduira devant la porte du cabinet. (r\u00e9f\u00e9renc\u00e9 dans : mappy, TomTom, Navnii)<\/p>\n<p><\/p>\n<p><strong>Coordonn\u00e9es GPS<\/strong>: Latitude: <strong><mark class=\"has-inline-color\">44.910336<\/mark><\/strong><mark class=\"has-inline-color\"> <\/mark> Longitude: <strong><mark class=\"has-inline-color\">1.257319<\/mark><\/strong><\/p>\n<p><\/p>\t\t\t\t\t\t\t\t<\/div>\n\t\t\t\t<\/div>\n\t\t\t\t\t<\/div>\n\t\t<\/div>\n\t\t\t\t\t<\/div>\n\t\t<\/section>\n\t\t\t\t<\/div>\n\t\t","protected":false},"excerpt":{"rendered":"<p>Cr\u00e9ateur de l&rsquo;IA dys cours (DYS, TDAH, TSA) IA inclusive qui facilite l&rsquo;apprentissage Auteur des livres 2020\u00a0 \u00a0Savoir communiquer 2022\u00a0 \u00a0Le stress la fin d&rsquo;un r\u00e8gne 2025\u00a0 \u00a0Les troubles de l&rsquo;apprentissage (DYS, TDAH, TSA) 2025\u00a0 \u00a0Les troubles de l&rsquo;apprentissage (Lecture adapt\u00e9e aux personnes\u00a0 \u00a0 \u00a0 \u00a0 \u00a0 \u00a0 dysl\u00e9xiques ou TDAH) 2026\u00a0 \u00a0Les pens\u00e9es Limitantes&hellip;&nbsp;<a href=\"https:\/\/magnac-christophe.net\/index.php\/a-propos\/\" rel=\"bookmark\">Lire la suite &raquo;<span class=\"screen-reader-text\">A propos<\/span><\/a><\/p>\n","protected":false},"author":1,"featured_media":0,"parent":0,"menu_order":0,"comment_status":"closed","ping_status":"closed","template":"","meta":{"neve_meta_sidebar":"","neve_meta_container":"","neve_meta_enable_content_width":"","neve_meta_content_width":0,"neve_meta_title_alignment":"","neve_meta_author_avatar":"","neve_post_elements_order":"","neve_meta_disable_header":"","neve_meta_disable_footer":"","neve_meta_disable_title":"","footnotes":""},"class_list":["post-705","page","type-page","status-publish","hentry"],"yoast_head":"<!-- This site is optimized with the Yoast SEO plugin v27.4 - https:\/\/yoast.com\/product\/yoast-seo-wordpress\/ -->\n<title>A propos - Psychanalyste Addictologue Sexologue<\/title>\n<meta name=\"description\" content=\"Psychanalyste,\u202f addictologue et sexologue sp\u00e9cialis\u00e9 en psychoth\u00e9rapie directe et indirecte, gestion des addictions (tabac, alcool, drogue...), des troubles DYS. Bilan de couple, gestion du stress et des \u00e9motions. Accompagnement dans la maladie. Burn out, d\u00e9pression, identification d&#039;un mal-\u00eatre inconnu. Harc\u00e8lement scolaire.\" \/>\n<meta name=\"robots\" content=\"index, follow, max-snippet:-1, max-image-preview:large, max-video-preview:-1\" \/>\n<link rel=\"canonical\" href=\"https:\/\/magnac-christophe.net\/index.php\/a-propos\/\" \/>\n<meta property=\"og:locale\" content=\"fr_FR\" \/>\n<meta property=\"og:type\" content=\"article\" \/>\n<meta property=\"og:title\" content=\"A propos - Psychanalyste Addictologue Sexologue\" \/>\n<meta property=\"og:description\" content=\"Psychanalyste,\u202f addictologue et sexologue sp\u00e9cialis\u00e9 en psychoth\u00e9rapie directe et indirecte, gestion des addictions (tabac, alcool, drogue...), des troubles DYS. Bilan de couple, gestion du stress et des \u00e9motions. Accompagnement dans la maladie. Burn out, d\u00e9pression, identification d&#039;un mal-\u00eatre inconnu. Harc\u00e8lement scolaire.\" \/>\n<meta property=\"og:url\" content=\"https:\/\/magnac-christophe.net\/index.php\/a-propos\/\" \/>\n<meta property=\"og:site_name\" content=\"Psychanalyste Addictologue Sexologue\" \/>\n<meta property=\"article:modified_time\" content=\"2025-12-27T14:12:34+00:00\" \/>\n<meta property=\"og:image\" content=\"https:\/\/magnac-christophe.net\/wp-content\/uploads\/2022\/12\/photo-pour-site.jpg\" \/>\n\t<meta property=\"og:image:width\" content=\"618\" \/>\n\t<meta property=\"og:image:height\" content=\"588\" \/>\n\t<meta property=\"og:image:type\" content=\"image\/jpeg\" \/>\n<meta name=\"twitter:card\" content=\"summary_large_image\" \/>\n<meta name=\"twitter:label1\" content=\"Dur\u00e9e de lecture estim\u00e9e\" \/>\n\t<meta name=\"twitter:data1\" content=\"2 minutes\" \/>\n<script type=\"application\/ld+json\" class=\"yoast-schema-graph\">{\"@context\":\"https:\\\/\\\/schema.org\",\"@graph\":[{\"@type\":\"WebPage\",\"@id\":\"https:\\\/\\\/magnac-christophe.net\\\/index.php\\\/a-propos\\\/\",\"url\":\"https:\\\/\\\/magnac-christophe.net\\\/index.php\\\/a-propos\\\/\",\"name\":\"A propos - Psychanalyste Addictologue Sexologue\",\"isPartOf\":{\"@id\":\"https:\\\/\\\/magnac-christophe.net\\\/#website\"},\"primaryImageOfPage\":{\"@id\":\"https:\\\/\\\/magnac-christophe.net\\\/index.php\\\/a-propos\\\/#primaryimage\"},\"image\":{\"@id\":\"https:\\\/\\\/magnac-christophe.net\\\/index.php\\\/a-propos\\\/#primaryimage\"},\"thumbnailUrl\":\"https:\\\/\\\/magnac-christophe.net\\\/wp-content\\\/uploads\\\/2022\\\/12\\\/photo-pour-site.jpg\",\"datePublished\":\"2022-12-17T10:05:31+00:00\",\"dateModified\":\"2025-12-27T14:12:34+00:00\",\"description\":\"Psychanalyste,\u202f addictologue et sexologue sp\u00e9cialis\u00e9 en psychoth\u00e9rapie directe et indirecte, gestion des addictions (tabac, alcool, drogue...), des troubles DYS. Bilan de couple, gestion du stress et des \u00e9motions. Accompagnement dans la maladie. Burn out, d\u00e9pression, identification d'un mal-\u00eatre inconnu. Harc\u00e8lement scolaire.\",\"breadcrumb\":{\"@id\":\"https:\\\/\\\/magnac-christophe.net\\\/index.php\\\/a-propos\\\/#breadcrumb\"},\"inLanguage\":\"fr-FR\",\"potentialAction\":[{\"@type\":\"ReadAction\",\"target\":[\"https:\\\/\\\/magnac-christophe.net\\\/index.php\\\/a-propos\\\/\"]}]},{\"@type\":\"ImageObject\",\"inLanguage\":\"fr-FR\",\"@id\":\"https:\\\/\\\/magnac-christophe.net\\\/index.php\\\/a-propos\\\/#primaryimage\",\"url\":\"https:\\\/\\\/magnac-christophe.net\\\/wp-content\\\/uploads\\\/2022\\\/12\\\/photo-pour-site.jpg\",\"contentUrl\":\"https:\\\/\\\/magnac-christophe.net\\\/wp-content\\\/uploads\\\/2022\\\/12\\\/photo-pour-site.jpg\",\"width\":618,\"height\":588,\"caption\":\"psychologue addictologue sexologue\"},{\"@type\":\"BreadcrumbList\",\"@id\":\"https:\\\/\\\/magnac-christophe.net\\\/index.php\\\/a-propos\\\/#breadcrumb\",\"itemListElement\":[{\"@type\":\"ListItem\",\"position\":1,\"name\":\"Accueil\",\"item\":\"https:\\\/\\\/magnac-christophe.net\\\/\"},{\"@type\":\"ListItem\",\"position\":2,\"name\":\"A propos\"}]},{\"@type\":\"WebSite\",\"@id\":\"https:\\\/\\\/magnac-christophe.net\\\/#website\",\"url\":\"https:\\\/\\\/magnac-christophe.net\\\/\",\"name\":\"https:\\\/\\\/magnac-christophe.net\\\/\",\"description\":\"Magnac Christophe 06 76 00 74 83\",\"publisher\":{\"@id\":\"https:\\\/\\\/magnac-christophe.net\\\/#\\\/schema\\\/person\\\/eef232afe7e05abec91f62e7ca569442\"},\"potentialAction\":[{\"@type\":\"SearchAction\",\"target\":{\"@type\":\"EntryPoint\",\"urlTemplate\":\"https:\\\/\\\/magnac-christophe.net\\\/?s={search_term_string}\"},\"query-input\":{\"@type\":\"PropertyValueSpecification\",\"valueRequired\":true,\"valueName\":\"search_term_string\"}}],\"inLanguage\":\"fr-FR\"},{\"@type\":[\"Person\",\"Organization\"],\"@id\":\"https:\\\/\\\/magnac-christophe.net\\\/#\\\/schema\\\/person\\\/eef232afe7e05abec91f62e7ca569442\",\"name\":\"Magnac Christophe\",\"image\":{\"@type\":\"ImageObject\",\"inLanguage\":\"fr-FR\",\"@id\":\"https:\\\/\\\/magnac-christophe.net\\\/wp-content\\\/uploads\\\/2022\\\/11\\\/logo-cabinet-ch-mini.jpg\",\"url\":\"https:\\\/\\\/magnac-christophe.net\\\/wp-content\\\/uploads\\\/2022\\\/11\\\/logo-cabinet-ch-mini.jpg\",\"contentUrl\":\"https:\\\/\\\/magnac-christophe.net\\\/wp-content\\\/uploads\\\/2022\\\/11\\\/logo-cabinet-ch-mini.jpg\",\"width\":320,\"height\":240,\"caption\":\"Magnac Christophe\"},\"logo\":{\"@id\":\"https:\\\/\\\/magnac-christophe.net\\\/wp-content\\\/uploads\\\/2022\\\/11\\\/logo-cabinet-ch-mini.jpg\"},\"sameAs\":[\"http:\\\/\\\/magnac-christophe.net\"]}]}<\/script>\n<!-- \/ Yoast SEO plugin. -->","yoast_head_json":{"title":"A propos - Psychanalyste Addictologue Sexologue","description":"Psychanalyste,\u202f addictologue et sexologue sp\u00e9cialis\u00e9 en psychoth\u00e9rapie directe et indirecte, gestion des addictions (tabac, alcool, drogue...), des troubles DYS. Bilan de couple, gestion du stress et des \u00e9motions. Accompagnement dans la maladie. Burn out, d\u00e9pression, identification d'un mal-\u00eatre inconnu. Harc\u00e8lement scolaire.","robots":{"index":"index","follow":"follow","max-snippet":"max-snippet:-1","max-image-preview":"max-image-preview:large","max-video-preview":"max-video-preview:-1"},"canonical":"https:\/\/magnac-christophe.net\/index.php\/a-propos\/","og_locale":"fr_FR","og_type":"article","og_title":"A propos - Psychanalyste Addictologue Sexologue","og_description":"Psychanalyste,\u202f addictologue et sexologue sp\u00e9cialis\u00e9 en psychoth\u00e9rapie directe et indirecte, gestion des addictions (tabac, alcool, drogue...), des troubles DYS. Bilan de couple, gestion du stress et des \u00e9motions. Accompagnement dans la maladie. Burn out, d\u00e9pression, identification d'un mal-\u00eatre inconnu. Harc\u00e8lement scolaire.","og_url":"https:\/\/magnac-christophe.net\/index.php\/a-propos\/","og_site_name":"Psychanalyste Addictologue Sexologue","article_modified_time":"2025-12-27T14:12:34+00:00","og_image":[{"width":618,"height":588,"url":"https:\/\/magnac-christophe.net\/wp-content\/uploads\/2022\/12\/photo-pour-site.jpg","type":"image\/jpeg"}],"twitter_card":"summary_large_image","twitter_misc":{"Dur\u00e9e de lecture estim\u00e9e":"2 minutes"},"schema":{"@context":"https:\/\/schema.org","@graph":[{"@type":"WebPage","@id":"https:\/\/magnac-christophe.net\/index.php\/a-propos\/","url":"https:\/\/magnac-christophe.net\/index.php\/a-propos\/","name":"A propos - Psychanalyste Addictologue Sexologue","isPartOf":{"@id":"https:\/\/magnac-christophe.net\/#website"},"primaryImageOfPage":{"@id":"https:\/\/magnac-christophe.net\/index.php\/a-propos\/#primaryimage"},"image":{"@id":"https:\/\/magnac-christophe.net\/index.php\/a-propos\/#primaryimage"},"thumbnailUrl":"https:\/\/magnac-christophe.net\/wp-content\/uploads\/2022\/12\/photo-pour-site.jpg","datePublished":"2022-12-17T10:05:31+00:00","dateModified":"2025-12-27T14:12:34+00:00","description":"Psychanalyste,\u202f addictologue et sexologue sp\u00e9cialis\u00e9 en psychoth\u00e9rapie directe et indirecte, gestion des addictions (tabac, alcool, drogue...), des troubles DYS. Bilan de couple, gestion du stress et des \u00e9motions. Accompagnement dans la maladie. Burn out, d\u00e9pression, identification d'un mal-\u00eatre inconnu. Harc\u00e8lement scolaire.","breadcrumb":{"@id":"https:\/\/magnac-christophe.net\/index.php\/a-propos\/#breadcrumb"},"inLanguage":"fr-FR","potentialAction":[{"@type":"ReadAction","target":["https:\/\/magnac-christophe.net\/index.php\/a-propos\/"]}]},{"@type":"ImageObject","inLanguage":"fr-FR","@id":"https:\/\/magnac-christophe.net\/index.php\/a-propos\/#primaryimage","url":"https:\/\/magnac-christophe.net\/wp-content\/uploads\/2022\/12\/photo-pour-site.jpg","contentUrl":"https:\/\/magnac-christophe.net\/wp-content\/uploads\/2022\/12\/photo-pour-site.jpg","width":618,"height":588,"caption":"psychologue addictologue sexologue"},{"@type":"BreadcrumbList","@id":"https:\/\/magnac-christophe.net\/index.php\/a-propos\/#breadcrumb","itemListElement":[{"@type":"ListItem","position":1,"name":"Accueil","item":"https:\/\/magnac-christophe.net\/"},{"@type":"ListItem","position":2,"name":"A propos"}]},{"@type":"WebSite","@id":"https:\/\/magnac-christophe.net\/#website","url":"https:\/\/magnac-christophe.net\/","name":"https:\/\/magnac-christophe.net\/","description":"Magnac Christophe 06 76 00 74 83","publisher":{"@id":"https:\/\/magnac-christophe.net\/#\/schema\/person\/eef232afe7e05abec91f62e7ca569442"},"potentialAction":[{"@type":"SearchAction","target":{"@type":"EntryPoint","urlTemplate":"https:\/\/magnac-christophe.net\/?s={search_term_string}"},"query-input":{"@type":"PropertyValueSpecification","valueRequired":true,"valueName":"search_term_string"}}],"inLanguage":"fr-FR"},{"@type":["Person","Organization"],"@id":"https:\/\/magnac-christophe.net\/#\/schema\/person\/eef232afe7e05abec91f62e7ca569442","name":"Magnac Christophe","image":{"@type":"ImageObject","inLanguage":"fr-FR","@id":"https:\/\/magnac-christophe.net\/wp-content\/uploads\/2022\/11\/logo-cabinet-ch-mini.jpg","url":"https:\/\/magnac-christophe.net\/wp-content\/uploads\/2022\/11\/logo-cabinet-ch-mini.jpg","contentUrl":"https:\/\/magnac-christophe.net\/wp-content\/uploads\/2022\/11\/logo-cabinet-ch-mini.jpg","width":320,"height":240,"caption":"Magnac Christophe"},"logo":{"@id":"https:\/\/magnac-christophe.net\/wp-content\/uploads\/2022\/11\/logo-cabinet-ch-mini.jpg"},"sameAs":["http:\/\/magnac-christophe.net"]}]}},"jetpack_sharing_enabled":true,"_links":{"self":[{"href":"https:\/\/magnac-christophe.net\/index.php\/wp-json\/wp\/v2\/pages\/705","targetHints":{"allow":["GET"]}}],"collection":[{"href":"https:\/\/magnac-christophe.net\/index.php\/wp-json\/wp\/v2\/pages"}],"about":[{"href":"https:\/\/magnac-christophe.net\/index.php\/wp-json\/wp\/v2\/types\/page"}],"author":[{"embeddable":true,"href":"https:\/\/magnac-christophe.net\/index.php\/wp-json\/wp\/v2\/users\/1"}],"replies":[{"embeddable":true,"href":"https:\/\/magnac-christophe.net\/index.php\/wp-json\/wp\/v2\/comments?post=705"}],"version-history":[{"count":273,"href":"https:\/\/magnac-christophe.net\/index.php\/wp-json\/wp\/v2\/pages\/705\/revisions"}],"predecessor-version":[{"id":3563,"href":"https:\/\/magnac-christophe.net\/index.php\/wp-json\/wp\/v2\/pages\/705\/revisions\/3563"}],"wp:attachment":[{"href":"https:\/\/magnac-christophe.net\/index.php\/wp-json\/wp\/v2\/media?parent=705"}],"curies":[{"name":"wp","href":"https:\/\/api.w.org\/{rel}","templated":true}]}}